*l, -5*l = -y*x + x + 10. What is the remainder when (-313)/(-9) + l/(-9) is divided by 13?
9
Let h be (-4)/((-10 + 11)/(2 - 1)). Calculate the remainder when 22 is divided by 3*h/(-18)*21.
8
Let u be 0*((-9)/(-6) - (-2 - -3)). What is the remainder when 41 is divided by (-1)/(-10)*5*(u - -26)?
2
Let k be (-10)/10 - -79*1. Calculate the remainder when 23 is divided by (0 - 0) + 4*k/24.
10
Let n = -19 + 16. Let o = 4 - -2. What is the remainder when n*(88/6)/(-2) is divided by o?
4
Suppose 2*z + 10 = 5*w - 8, 21 = 5*w + z. Suppose 5*m - w - 41 = 0. Suppose 0 = -4*l - 2*v + 122, 4*v + 22 = 2. Calculate the remainder when l is divided by m.
6
Let h(w) = w**3 + 2*w**2 + 18*w + 17. Calculate the remainder when h(0) is divided by 9.
8
Let q(y) = 15*y + 13*y - 18 - 25*y. Suppose -d + 3*d - 2 = 0, -3*d = -4*t + 169. What is the remainder when t is divided by q(9)?
7
Let q(v) = -v - 11. Let m be q(-11). Suppose -2*y = -3*w + 256, 3*w - y - 260 = -0*y. Suppose m = -p - 3*p + w. What is the remainder when 86 is divided by p?
20
Let j(c) = 5*c - 1. Let o(i) = -i**2 - 6*i - 6. Let k be o(-4). Suppose -l + 7 = -4*z + 110, -5*l = -z + 21. What is the remainder when z is divided by j(k)?
8
Let x(l) = l**3 - 4*l**2 + 2*l - 11. What is the remainder when 81 is divided by x(6)?
8
Suppose -52*u + 286 = -7618. What is the remainder when u is divided by 31?
28
Let b = -67 - -109. Calculate the remainder when b is divided by 22/(-2)*((-54)/(-72))/((-12)/16).
9
Let j(h) = h**2 + 19*h + 46. Let m be j(-17). Suppose 0 = m*q + 43 - 403. Calculate the remainder when q is divided by 8.
6
Let v(g) = -g + 24. Let w = 11 - 2. What is the remainder when v(-11) is divided by w?
8
Let f(p) = p - 3. Suppose 0 = 3*o - 20 + 146. Calculate the remainder when f(8) is divided by 12/o - (-16)/7.
1
Suppose -2*d + 7 = 3*g - 6, 0 = g - 1. Suppose 3*m = -4*l + 79, 2*l - 155 = d*m - 10*m. Calculate the remainder when m is divided by (-6)/(-15) + (-176)/(-10).
15
Suppose -2*u = 15*u + 221. Calculate the remainder when (u - -12)/(-1 + (-2)/(-3)) is divided by 2.
1
Let f(w) = 20*w + 43. Let d be f(-19). Let v = d - -558. Let z = 383 - v. Calculate the remainder when z is divided by 33.
30
Suppose 5*r - 2*q - 119 = 0, q + 22 = -0*r + r. Suppose 4*d = -n - 16 + 3, 0 = 2*n - 2*d - 24. What is the remainder when r is divided by n?
4
Let a = -97 + 149. Suppose 0 = 2*n + 5*p - p - a, n = 2*p + 30. Suppose -2*k + n = -2. What is the remainder when 57 is divided by k?
12
What is the remainder when (2 + -104)*(-21)/63 is divided by 19?
15
Suppose 0*l + 27 = l. Let o = l + -27. Suppose 146 = 5*r - s, 5*s + o*s = -5. Calculate the remainder when r is divided by 11.
7
Let w(x) = 12*x + 202. What is the remainder when 189 is divided by w(-14)?
19
Let t = 429 + -364. Calculate the remainder when 192 is divided by t.
62
Suppose 145 = 4*j - a, 3*a = 3*j - 2*a - 96. Calculate the remainder when 132 is divided by j.
21
Let g(m) = -4*m + 3. Calculate the remainder when g(-4) is divided by 12.
7
Suppose w - 19 = -2*r, 0 = w - 3*r - 18 - 1. Suppose 0 = -4*p + w + 9. Calculate the remainder when 27 is divided by p.
6
What is the remainder when 37 is divided by ((-170)/(-15))/(-1*8/(-12))?
3
Let k = -159 - -166. Let a(m) = -3*m + 59. What is the remainder when a(k) is divided by 12?
2
Let n be -3 - (-7 - (1 + 0)). Suppose -3*w - 19 = -2*m, -n*w = -3*m - w + 27. Suppose 0 = m*c - 4*c - 46. What is the remainder when c is divided by 12?
10
Suppose 8*u = 25 + 23. Suppose -3*t - 1 = -7*t - 3*g, 2*g = -t - u. Calculate the remainder when 15 is divided by t.
3
Let k(o) = -o**3 + 8*o**2 + 15*o + 12. What is the remainder when k(9) is divided by 12?
6
Let h = 40 - 65. Let i = 1 - h. Calculate the remainder when 128 is divided by i.
24
Suppose -5 = -0*h - h - 2*y, 5*y = 15. What is the remainder when (3 - (0 - h)) + 168 + -6 is divided by 55?
54
Suppose 2*h - 6*h + 820 = 2*b, 0 = -2*b + 2*h + 826. Calculate the remainder when b is divided by 70.
62
Suppose -a - 3*a - 16 = 0, a + 19 = 3*y. Suppose y*m - 2*h + 30 = 176, 3*m = h + 88. What is the remainder when m is divided by -16*((-2 - -3) + -2)?
14
Suppose -53 = -3*q - 5*x, q - 3 = x + 12. Suppose 6*v + 475 = 11*v. What is the remainder when v is divided by q?
15
Let r(x) be the third derivative of -x**5/30 - x**4/12 - x**3/6 - 3*x**2. Let m be r(-3). Let n = 25 + m. Calculate the remainder when 46 is divided by n.
10
Suppose -18 = 3*j + 33. Let m = 0 - j. Calculate the remainder when 31 is divided by m.
14
Let f be (51/(-68))/((-2)/24). Let y(x) = 2*x - 1. What is the remainder when y(f) is divided by 5?
2
Let p be ((-6)/(-21))/((6/(-28))/(-3)). Calculate the remainder when (-4*2/p)/(-2) + 57 is divided by 12.
10
Suppose 6*x - 5*x = 20. Let n = -14 + x. Let y(j) = j**3 - 5*j**2 - 4*j - 6. Calculate the remainder when y(n) is divided by 4.
2
Suppose -31 = -r - 4*c + 7, 0 = -3*r - 2*c + 104. Let z = 15 + -3. Calculate the remainder when r is divided by z.
10
Let a = -327 - -493. Suppose -6*x = -430 + a. Calculate the remainder when 85 is divided by x.
41
Let j(y) = 2*y**2 + 2*y + y - 2*y. Let k be -4*(-4)/((-16)/2). What is the remainder when 17 is divided by j(k)?
5
Suppose 415 = 4*o + 71. What is the remainder when 162 is divided by o?
76
Suppose 50 = -6*o + 11*o + 5*u, -5*u = -3*o + 6. What is the remainder when 46 is divided by o?
4
Let z(b) = 2*b + 19. Suppose -4*r = -6*r - 52. Calculate the remainder when (4 - 7)*r/6 is divided by z(-6).
6
Suppose 0 = a - 172 + 167. Calculate the remainder when 20 is divided by a.
0
What is the remainder when 16 is divided by -4 + 15 - (5 + -3)?
7
Let z(u) = 2*u**2 - 13*u - 2. Let r be z(9). Let b = 57 - r. Calculate the remainder when 39 is divided by b.
11
Let d(o) = 2*o**3 + 62*o**2 - 4*o - 86. Calculate the remainder when d(-31) is divided by 10.
8
Let n(h) = 15*h - 39. Let b be n(-9). Let y = b - -183. Calculate the remainder when 30 is divided by y.
3
Let s(d) = -d - 8. Let k(t) = t - 1. Let l(w) = 6*k(w) - s(w). Suppose -4*o + o + 18 = 0. Calculate the remainder when l(3) is divided by o.
5
Let v = -35 + 163. What is the remainder when v is divided by 27?
20
Let g be 94/10 - 4/10. Let u = g + -6. What is the remainder when u is divided by ((-105)/28)/(-1) - 6/8?
0
Let n(z) = z**3 - 20*z**2 + 2*z - 35. What is the remainder when 147 is divided by n(20)?
2
Suppose -2*b - 2*d + 44 = 0, 6*b - 86 = 2*b - 5*d. Suppose b = 2*k + 10. Calculate the remainder when 18 is divided by k.
4
Suppose 54*k + 435 = 69*k. What is the remainder when k is divided by 23?
6
Let k = 271 - 259. Calculate the remainder when 44 is divided by k.
8
Suppose -5*c + 3*c = -5*n + 495, -5*c + 126 = n. What is the remainder when n is divided by 23?
9
Let x = -45 - -40. What is the remainder when 103 is divided by (20/x - -14)*3?
13
Suppose 2*l = 4*f - 116, -3*f = -0*f - l - 88. Let u = 69 - f. What is the remainder when u is divided by 25?
14
Suppose -4*n - 43 = -191. What is the remainder when 340380/2325 - (-7)/(-5)*1 is divided by n?
34
Let u = 27 - 24. Suppose 0 = u*c + 2*c. Suppose 6*j - 3*j - 3 = c. Calculate the remainder when j is divided by 1.
0
Suppose 18*l = 23*l + 4*q - 869, 5*l - 5*q = 905. Calculate the remainder when 360 is divided by l.
6
Let i be -22*(-4)/24*3. Suppose -o + g + 6 = 0, 0 = 3*o - 5*g - 11 - i. What is the remainder when o is divided by 2?
0
Let h = -2080 + 2179. What is the remainder when 228 is divided by h?
30
Suppose -4*p + 5*n = -43 - 4, 3*n - 23 = -4*p. Suppose 4*j + 44 = 4*f, f - 30 = 3*j - 3. What is the remainder when p is divided by f?
2
Suppose 2 = c + c. Calculate the remainder when 15 is divided by (204/26)/c - 96/(-624).
7
Let u = -42 + 64. Suppose u*o = 21*o + 93. What is the remainder when o is divided by 24?
21
Suppose 4*h + 3*j = 6*h + 34, 5*j + 24 = -4*h. Let t = 36 + h. Let o = 4 + 3. Calculate the remainder when t is divided by o.
4
Let q be (0 - -1)*-4 + 5. What is the remainder when q/(1/(-129))*(-13)/39 is divided by 16?
11
Let l = -373 - -946. What is the remainder when l is divided by 64?
61
Let v(q) = -q**3 + 7*q**2 - 26. Calculate the remainder when v(4) is divided by 10.
2
Suppose -4*k + 73 = 5*r, -4*k = 2*r + 19 - 77. Calculate the remainder when 224 is divided by k.
8
Let v = -1792 + 3042. Calculat